{"id":1154,"date":"2018-08-12T05:33:15","date_gmt":"2018-08-12T05:33:15","guid":{"rendered":"http:\/\/www.mathbook.de\/?page_id=1154"},"modified":"2018-08-30T09:35:04","modified_gmt":"2018-08-30T09:35:04","slug":"klasse-6-2","status":"publish","type":"page","link":"https:\/\/www.mathbook.de\/index.php\/klasse-6-2\/","title":{"rendered":"Klasse 6"},"content":{"rendered":"<p><strong>Themen\u00fcbersicht<\/strong><\/p>\n<li><a href=\"https:\/\/www.mathbook.de\/index.php\/teilbarkeit\/\">Teilbarkeit<\/a><\/li>\n<li><a href=\"https:\/\/www.mathbook.de\/index.php\/winkel\/\">Winkel<\/a><\/li>\n<li><a href=\"https:\/\/www.mathbook.de\/index.php\/bruche\/\">Br\u00fcche<\/a><\/li>\n<li><a href=\"https:\/\/www.mathbook.de\/index.php\/symmetrie\/\">Symmetrie<\/a><\/li>\n<li><a href=\"https:\/\/www.mathbook.de\/index.php\/addition-und-subtraktion-von-bruchen\/\">Addition und Subtraktion von Br\u00fcchen<\/a><\/li>\n<li><a href=\"https:\/\/www.mathbook.de\/index.php\/multiplikation-und-division-von-bruchen\/\">Multiplikation und Division von Br\u00fcchen<\/a><\/li>\n<li><a href=\"https:\/\/www.mathbook.de\/index.php\/korper-2\/\">K\u00f6rper<\/a><\/li>\n","protected":false},"excerpt":{"rendered":"<p>Themen\u00fcbersicht Teilbarkeit Winkel Br\u00fcche Symmetrie Addition und Subtraktion von Br\u00fcchen Multiplikation und Division von Br\u00fcchen K\u00f6rper<\/p>\n","protected":false},"author":1,"featured_media":0,"parent":0,"menu_order":0,"comment_status":"closed","ping_status":"closed","template":"","meta":[],"_links":{"self":[{"href":"https:\/\/www.mathbook.de\/index.php\/wp-json\/wp\/v2\/pages\/1154"}],"collection":[{"href":"https:\/\/www.mathbook.de\/index.php\/wp-json\/wp\/v2\/pages"}],"about":[{"href":"https:\/\/www.mathbook.de\/index.php\/wp-json\/wp\/v2\/types\/page"}],"author":[{"embeddable":true,"href":"https:\/\/www.mathbook.de\/index.php\/wp-json\/wp\/v2\/users\/1"}],"replies":[{"embeddable":true,"href":"https:\/\/www.mathbook.de\/index.php\/wp-json\/wp\/v2\/comments?post=1154"}],"version-history":[{"count":4,"href":"https:\/\/www.mathbook.de\/index.php\/wp-json\/wp\/v2\/pages\/1154\/revisions"}],"predecessor-version":[{"id":2344,"href":"https:\/\/www.mathbook.de\/index.php\/wp-json\/wp\/v2\/pages\/1154\/revisions\/2344"}],"wp:attachment":[{"href":"https:\/\/www.mathbook.de\/index.php\/wp-json\/wp\/v2\/media?parent=1154"}],"curies":[{"name":"wp","href":"https:\/\/api.w.org\/{rel}","templated":true}]}}